{"id":553,"date":"2019-07-22T17:40:18","date_gmt":"2019-07-22T16:40:18","guid":{"rendered":"http:\/\/proservices53.fr\/?page_id=553"},"modified":"2020-07-10T10:17:22","modified_gmt":"2020-07-10T09:17:22","slug":"presentation-de-lentreprise-2","status":"publish","type":"page","link":"https:\/\/proservices53.fr\/?page_id=553","title":{"rendered":"Qui sommes nous?"},"content":{"rendered":"<p><span style=\"color: #710e65;\">La SARL PROSERVICES fut cr\u00e9\u00e9e en octobre 2005. A sa t\u00eate, deux co-g\u00e9rants, <strong>Dominique BASILLAIS<\/strong> et <strong>Daniel PHILIPPOT<\/strong>. Le si\u00e8ge social est situ\u00e9 dans la zone artisanale de St Ouen des Toits en Mayenne, \u00e0 15 km de LAVAL.<\/span><\/p>\n<p><span style=\"color: #710e65;\">Nous sommes une petite entreprise \u00e0 multi activit\u00e9s dans le <strong>secteur du b\u00e2timent<\/strong>, plus pr\u00e9cis\u00e9ment dans le <strong>second \u0153uvre<\/strong>. Nous sommes \u00e0 la disposition des particuliers et des professionnels.<\/span><\/p>\n<p><span style=\"color: #710e65;\">PROSERVICES est votre <strong>interlocuteur unique, qui g\u00e8re enti\u00e8rement votre projet,<\/strong> de A \u00e0 Z, de l\u2019\u00e9tude \u00e0 la r\u00e9ception des travaux. Pour y parvenir, la structure de notre entreprise est con\u00e7ue pour \u00eatre quasi &#8211; autonome afin de vous garantir une qualit\u00e9 d\u2019ex\u00e9cution et un d\u00e9lai de chantier maitris\u00e9. Nous consacrons nos efforts \u00e0 la r\u00e9novation compl\u00e8te comprenant\u00a0: d\u00e9molition, menuiseries ext\u00e9rieures et int\u00e9rieures, isolation, pl\u00e2trerie, \u00e9lectricit\u00e9, domotique, plomberie, carrelage-fa\u00efence, parquet, agencement, cuisine, salle de bain, dressing. <strong>Notre sp\u00e9cialit\u00e9 est la salle de bain \u00ab\u00a0cl\u00e9 en main\u00a0\u00bb.<\/strong><\/span><\/p>\n<p><span style=\"color: #710e65;\">Pour se faire, nous mettons \u00e0 votre service une \u00e9quipe de 8 professionnels, chacun sp\u00e9cialis\u00e9 dans son domaine, et ayant le souci d\u2019un <strong>travail bien fait<\/strong>, pour votre plus grande <strong>satisfaction<\/strong>.<\/span><\/p>\n<p><span style=\"color: #710e65;\">Nous faisons appel, si cela est n\u00e9cessaire, \u00e0 des sous-traitants avec lesquels nous avons l\u2019habitude de travailler, pour les gros travaux de ma\u00e7onnerie, de charpente \u2013 couverture, ou pour les travaux de finition, peinture et d\u00e9coration. <strong>Soyez tranquille, on s\u2019occupe de tout\u00a0!<\/strong><\/span><\/p>\n<p style=\"text-align: center;\"><span style=\"color: #710e65;\"><strong>Un service unique, une attention particuli\u00e8re \u00e0 chacun de vos projets et surtout un travail impeccable font notre force\u00a0!<\/strong><\/span><\/p>\n","protected":false},"excerpt":{"rendered":"<p>La SARL PROSERVICES fut cr\u00e9\u00e9e en octobre 2005. A sa t\u00eate, deux co-g\u00e9rants, Dominique BASILLAIS et Daniel PHILIPPOT. Le si\u00e8ge social est situ\u00e9 dans la zone artisanale de St Ouen des Toits en Mayenne, \u00e0 15 km de LAVAL. Nous sommes une petite entreprise \u00e0 multi activit\u00e9s dans le secteur du b\u00e2timent, plus pr\u00e9cis\u00e9ment dans &hellip; <\/p>\n<p><a class=\"more-link btn\" href=\"https:\/\/proservices53.fr\/?page_id=553\">Lire la suite<\/a><\/p>\n","protected":false},"author":1,"featured_media":0,"parent":0,"menu_order":0,"comment_status":"closed","ping_status":"open","template":"","meta":{"footnotes":""},"_links":{"self":[{"href":"https:\/\/proservices53.fr\/index.php?rest_route=\/wp\/v2\/pages\/553"}],"collection":[{"href":"https:\/\/proservices53.fr\/index.php?rest_route=\/wp\/v2\/pages"}],"about":[{"href":"https:\/\/proservices53.fr\/index.php?rest_route=\/wp\/v2\/types\/page"}],"author":[{"embeddable":true,"href":"https:\/\/proservices53.fr\/index.php?rest_route=\/wp\/v2\/users\/1"}],"replies":[{"embeddable":true,"href":"https:\/\/proservices53.fr\/index.php?rest_route=%2Fwp%2Fv2%2Fcomments&post=553"}],"version-history":[{"count":3,"href":"https:\/\/proservices53.fr\/index.php?rest_route=\/wp\/v2\/pages\/553\/revisions"}],"predecessor-version":[{"id":836,"href":"https:\/\/proservices53.fr\/index.php?rest_route=\/wp\/v2\/pages\/553\/revisions\/836"}],"wp:attachment":[{"href":"https:\/\/proservices53.fr\/index.php?rest_route=%2Fwp%2Fv2%2Fmedia&parent=553"}],"curies":[{"name":"wp","href":"https:\/\/api.w.org\/{rel}","templated":true}]}}

<p><span style="color: #710e65;">La SARL PROSERVICES fut créée en octobre 2005. A sa tête, deux co-gérants, <strong>Dominique BASILLAIS</strong> et <strong>Daniel PHILIPPOT</strong>. Le siège social est situé dans la zone artisanale de St Ouen des Toits en Mayenne, à 15 km de LAVAL.</span></p>
<p><span style="color: #710e65;">Nous sommes une petite entreprise à multi activités dans le <strong>secteur du bâtiment</strong>, plus précisément dans le <strong>second œuvre</strong>. Nous sommes à la disposition des particuliers et des professionnels.</span></p>
<p><span style="color: #710e65;">PROSERVICES est votre <strong>interlocuteur unique, qui gère entièrement votre projet,</strong> de A à Z, de l’étude à la réception des travaux. Pour y parvenir, la structure de notre entreprise est conçue pour être quasi &#8211; autonome afin de vous garantir une qualité d’exécution et un délai de chantier maitrisé. Nous consacrons nos efforts à la rénovation complète comprenant : démolition, menuiseries extérieures et intérieures, isolation, plâtrerie, électricité, domotique, plomberie, carrelage-faïence, parquet, agencement, cuisine, salle de bain, dressing. <strong>Notre spécialité est la salle de bain « clé en main ».</strong></span></p>
<p><span style="color: #710e65;">Pour se faire, nous mettons à votre service une équipe de 8 professionnels, chacun spécialisé dans son domaine, et ayant le souci d’un <strong>travail bien fait</strong>, pour votre plus grande <strong>satisfaction</strong>.</span></p>
<p><span style="color: #710e65;">Nous faisons appel, si cela est nécessaire, à des sous-traitants avec lesquels nous avons l’habitude de travailler, pour les gros travaux de maçonnerie, de charpente – couverture, ou pour les travaux de finition, peinture et décoration. <strong>Soyez tranquille, on s’occupe de tout !</strong></span></p>
<p style="text-align: center;"><span style="color: #710e65;"><strong>Un service unique, une attention particulière à chacun de vos projets et surtout un travail impeccable font notre force !</strong></span></p>

<p>La SARL PROSERVICES fut créée en octobre 2005. A sa tête, deux co-gérants, Dominique BASILLAIS et Daniel PHILIPPOT. Le siège social est situé dans la zone artisanale de St Ouen des Toits en Mayenne, à 15 km de LAVAL. Nous sommes une petite entreprise à multi activités dans le secteur du bâtiment, plus précisément dans &hellip; </p>
<p><a class="more-link btn" href="https://proservices53.fr/?page_id=553">Lire la suite</a></p>
