{"id":543,"date":"2019-07-22T17:25:22","date_gmt":"2019-07-22T16:25:22","guid":{"rendered":"http:\/\/proservices53.fr\/?page_id=543"},"modified":"2020-07-13T15:22:05","modified_gmt":"2020-07-13T14:22:05","slug":"plan-2d-et-3d","status":"publish","type":"page","link":"https:\/\/proservices53.fr\/?page_id=543","title":{"rendered":"Plan 2D et 3D"},"content":{"rendered":"<p><span style=\"color: #710e65;\">Nous concevons vos plans int\u00e9rieurs sur logiciel et vous proposons des vues en trois dim<\/span><span style=\"color: #710e65;\">ensions, de fa\u00e7on \u00e0 ce que vous ayez un aper\u00e7u des espaces.<br \/>\n<\/span><\/p>\n<div class=\"n2_ss_slider_publish__option_code\" dir=\"ltr\" data-mode=\"id\"><\/div>\n","protected":false},"excerpt":{"rendered":"<p>Nous concevons vos plans int\u00e9rieurs sur logiciel et vous proposons des vues en trois dimensions, de fa\u00e7on \u00e0 ce que vous ayez un aper\u00e7u des espaces.<\/p>\n","protected":false},"author":1,"featured_media":0,"parent":0,"menu_order":0,"comment_status":"closed","ping_status":"open","template":"","meta":{"footnotes":""},"_links":{"self":[{"href":"https:\/\/proservices53.fr\/index.php?rest_route=\/wp\/v2\/pages\/543"}],"collection":[{"href":"https:\/\/proservices53.fr\/index.php?rest_route=\/wp\/v2\/pages"}],"about":[{"href":"https:\/\/proservices53.fr\/index.php?rest_route=\/wp\/v2\/types\/page"}],"author":[{"embeddable":true,"href":"https:\/\/proservices53.fr\/index.php?rest_route=\/wp\/v2\/users\/1"}],"replies":[{"embeddable":true,"href":"https:\/\/proservices53.fr\/index.php?rest_route=%2Fwp%2Fv2%2Fcomments&post=543"}],"version-history":[{"count":5,"href":"https:\/\/proservices53.fr\/index.php?rest_route=\/wp\/v2\/pages\/543\/revisions"}],"predecessor-version":[{"id":1060,"href":"https:\/\/proservices53.fr\/index.php?rest_route=\/wp\/v2\/pages\/543\/revisions\/1060"}],"wp:attachment":[{"href":"https:\/\/proservices53.fr\/index.php?rest_route=%2Fwp%2Fv2%2Fmedia&parent=543"}],"curies":[{"name":"wp","href":"https:\/\/api.w.org\/{rel}","templated":true}]}}